 - 8 - 11. Let f = m + -6. Let u(p) = p + 4. What is the units digit of u(f)?
4
Let v(m) = -7*m - 4. Let d(a) = -4*a - 2. Let s(u) = 5*d(u) - 3*v(u). What is the units digit of s(5)?
7
Let b(u) = -2*u**3 - 7*u**2 + 8*u + 27. What is the tens digit of b(-6)?
5
Let r(h) = 0*h**2 - 1 - 2*h**2 + 7*h - 5*h**2 - h**3. Suppose -4*u - 24 = -u. What is the units digit of r(u)?
7
Let i(j) = 3 + 3*j - 20*j + 3*j. What is the tens digit of i(-4)?
5
Let v = 1 - 2. Let f(q) = 3*q**3 - q**2 - q - 1. Let w be f(v). What is the units digit of (-2)/w - 15/(-6)?
3
Let t(p) = -p - 15. Let i be t(-12). What is the tens digit of 21 - i/(-3)*0?
2
Let j(f) = 2*f**2 - 5*f - 3. What is the tens digit of j(5)?
2
Suppose -x + 43 = -u - u, 2*u + 53 = -x. Let h = u - -45. What is the units digit of h?
1
Let v = -84 + 154. Suppose t = -t + v. What is the units digit of t?
5
Suppose -6*r - 60 = -r. Let c = r + 17. What is the units digit of c/3 + (-1)/(-3)?
2
Suppose -3*s + 6 = d, 2*s + 3*d = 6*s - 21. Suppose 0 + 12 = s*f. Suppose 0 = f*z - 36. What is the units digit of z?
9
Let g be 3/6*(-1 + 27). Let j = g + 7. What is the units digit of j?
0
Let h = -12 + 24. Suppose -w + h + 0 = -2*i, -5*i = 2*w + 3. What is the units digit of w?
6
Let a(r) = -38*r + 5. What is the units digit of a(-7)?
1
Suppose -d + 9 = 5*n - 6, 2*n + d = 9. What is the units digit of n?
2
Suppose -2*d + y = -4*y - 16, 0 = 2*d + 5*y + 4. Let l(g) = -g**3 - 8*g**2 - 10*g. Let t be l(-7). Suppose 0 = 6*x - d*x - t. What is the units digit of x?
7
Let o = 2 + 10. Suppose -4*z - o = -d, 4*z = 2*d - 0*z - 4. Let u(s) = s**3 + 7*s**2 - 8*s + 5. What is the units digit of u(d)?
5
Let t(j) = -j**2 + 7*j - 1. Let a be t(6). Suppose -4*q + 40 = 2*m, 0 = -a*q - 4*m + 1 + 55. What is the units digit of q?
8
Let k(d) = -7 - 6 + 11 - 16*d. What is the tens digit of k(-3)?
4
Let o = -41 - -45. What is the units digit of o?
4
Suppose 3*b = -17 + 23. What is the tens digit of (-1)/b*8 - -34?
3
Suppose 0 = 2*r - 121 - 83. Suppose 0*f - 3*f + r = 3*x, 0 = -5*f + x + 158. What is the tens digit of f?
3
Let p = 105 - -5. Suppose 3*w - w = p. What is the tens digit of w?
5
What is the units digit of (53 - 1)/4 - 0?
3
Let n = 288 - 111. What is the units digit of n?
7
Let i be (1 + -3 + -1)/1. Let k(f) = 2*f**2 + 2*f + 4. Let z be k(i). Suppose -4*l + 3*m = -z, -20 = -4*l - 2*m + 16. What is the units digit of l?
7
Let g(q) = -2*q - 4. Suppose 2*y - 2*f = -0 - 12, -14 = 3*y - f. Let s be g(y). Suppose 3*k - 27 = -4*i, 30 + 6 = s*k + 5*i. What is the units digit of k?
9
Let t be ((-3)/(-2))/(12/16). Let y(b) = -b**t + 2 - 3 + 5 + 6*b. What is the units digit of y(3)?
3
Suppose -3*j + 39 = -0*j. Let c = 26 - j. Let t = -7 + c. What is the units digit of t?
6
Let c(f) = -f**3 + 13*f**2 + 15*f - 38. What is the units digit of c(11)?
9
Let k = 2 + -4. Let z be 14/(-8)*8/k. Let v(b) = 3*b - 10. What is the units digit of v(z)?
1
Suppose 2*z - 34 + 12 = 2*s, 3*s + 35 = 4*z. What is the tens digit of 3/s - (-93)/9?
1
Suppose -5*r - 4*v - 12 = 58, -3*r - 5*v = 29. Let h = -10 - r. What is the units digit of h?
8
Let q(o) = -3*o - 5. What is the units digit of q(-25)?
0
Let s be (-1)/3 - 13/(-3). Let p(q) = 2*q + 5. What is the units digit of p(s)?
3
Let v = 193 - 125. What is the units digit of v?
8
Suppose 0 = -2*a + 3*a - 4. Suppose 144 = 4*v - s - 3*s, -a = 2*s. What is the tens digit of v?
3
Suppose 3*h - 3 = o - 0, 0 = o + 3*h - 15. Suppose -15 = -5*d + 4*w, 2*d + w = 5*w + o. What is the units digit of d?
3
Let r = -3 - -7. Let n = 7 - 4. Suppose 3*y - 36 = -r*h + h, y - 4*h + n = 0. What is the units digit of y?
9
What is the tens digit of 5740/130 + 2/(-13)?
4
Let n(p) = -p**3 - 4*p**2 - 1. Let t be n(-4). Let b be (4/12)/((-1)/15) + -3. Let j = t - b. What is the units digit of j?
7
Let w = 0 - -52. What is the units digit of w?
2
Suppose -2 = b + 3*f - 18, -f = -5*b + 32. What is the units digit of b?
7
Let t(o) = 5*o**2 + 2*o + 1. Let v be ((-2)/2)/((-2)/6). Let l = 1 - v. What is the tens digit of t(l)?
1
Suppose -y + 3*y - 10 = 2*s, 0 = -5*s. What is the units digit of y?
5
Suppose 21 = 3*m - 6. Suppose -14 = -2*v - 0*v. Let f = m + v. What is the units digit of f?
6
Suppose -z + t + 3*t + 152 = 0, 4*z - 4*t - 608 = 0. What is the tens digit of z?
5
Let n = 43 + -25. Suppose -5*a + n = y, 3*y - 2 + 0 = -2*a. Suppose -a*r + 10 = -2*r. What is the units digit of r?
5
Let x be -12 - 2/(-4)*0. Let l = x - -17. Suppose 0 = o - l*o + 48. What is the units digit of o?
2
Let d be -2 + 3 + 0 + -5. Let j be 96/42 + d/14. What is the units digit of (-1 - (0 + j))/(-3)?
1
Let s be (2 - 0) + -22 + -1. Let x be ((-8)/12)/(2/s). Suppose 3*q - 5 = x. What is the units digit of q?
4
Let j(u) = -56*u - 6. What is the hundreds digit of j(-2)?
1
Suppose s + 0*s = -3. Let l be 2/s + (-70)/(-6). Let c = l + -2. What is the units digit of c?
9
Let q = -7 + 11. Let p(b) = -b**3 + 5*b**2 - 3. What is the tens digit of p(q)?
1
Let m(o) be the second derivative of o**3/6 + o. Let v(i) = 3*i**2 - 2*i - 1. Let w be v(2). What is the units digit of m(w)?
7
Let g = -18 + 19. What is the units digit of g?
1
Suppose 26 = -2*o + 3*u, u = 2*o + 36 - 10. Let x = o + 21. What is the units digit of x?
8
Suppose -125 = -5*o + 5*y, 0 = -2*o - 2*o - 4*y + 68. Let g = o - 13. What is the units digit of g?
8
Suppose 4*k = -4*n + 184, 2*k - 78 = 2*n + 6. Suppose -2*r + 3*y - 2*y = -2, r + y + 2 = 0. Suppose r = -2*g - 2*g + k. What is the units digit of g?
1
Let o(q) = 4*q**2 - q + 4. Let c(p) = 3*p**2 + 3. Let u(h) = 3*c(h) - 2*o(h). Let n be u(-1). Suppose m + 3*m - 12 = n. What is the units digit of m?
3
Suppose 0*b = -2*b + 12. Let p be (-4 - -7) + 2/(-2). Suppose n = p*n - b. What is the units digit of n?
6
Let g be -2*((-2)/(-4) - -2). Let m(x) = -x**2 - 9*x + 6. What is the tens digit of m(g)?
2
Let y(l) = -l**2 - 5*l - 4. Let a be y(-3). Suppose -4 = a*n - 2. What is the units digit of -1 + 14 + -1 + n?
1
Let n(z) = -z**2 - 11*z - 5. Let j be 4/(-14) - 48/28. Let w = j + -7. What is the tens digit of n(w)?
1
Let h = 40 - -4. What is the units digit of h?
4
Let k = -15 - -9. Let x = -6 - k. Suppose f - 3 = -x*f. What is the units digit of f?
3
Let y = -21 + 15. Let w = y + 29. What is the tens digit of w?
2
Let d be (-2876)/(-20) + (-5)/(-25). Suppose -d = -4*w + 4*c, 4*w + 2*c = -c + 151. What is the tens digit of w?
3
Let t(k) = -2*k**3 - 7*k**2 - 5*k - 7. What is the units digit of t(-5)?
3
Let x = 0 + -6. Let g(h) = h**3 + 7*h**2 + 6*h + 12. Let a(b) = -2*b**3 - 14*b**2 - 12*b - 23. Let j(q) = -3*a(q) - 5*g(q). What is the units digit of j(x)?
9
Let l = 11 - 5. Let o = l - 3. What is the units digit of o?
3
Suppose 158 = 4*s + 4*v + 58, -5*v = 4*s - 95. What is the tens digit of s?
3
Let h(t) = -5*t**2 + 6*t - 4. Let y be h(4). What is the units digit of 12/10*y/(-9)?
8
Let y(q) = 3*q**2 - 3*q + 3. What is the tens digit of y(4)?
3
Let i be (-6)/((-5)/(10/(-3))). Let h be 10/1 - (i + 5). Suppose 5*j - 6 = h. What is the units digit of j?
3
Suppose 2*s + s - 6 = 0. What is the units digit of s?
2
Let l(b) = 2*b**2 - 6*b - 1. What is the tens digit of l(5)?
1
Suppose 6*g + 143 = 1097. What is the units digit of g?
9
Suppose -2*u + 14 = -16. What is the units digit of u?
5
Let p(r) = -r**2 + 24*r + 47. What is the units digit of p(23)?
0
Let w(t) = t**3 + 17*t**2 + 25*t - 11. What is the hundreds digit of w(-8)?
3
Let y = 15 + -11. Let k = -9 + 9. Suppose -3*t + 8 = -y*f + 59, k = 4*f + 3*t - 21. What is the units digit of f?
9
Suppose -2*j - 280 = -7*j. What is the tens digit of j?
5
Let y(d) = d + 6. Let q be y(6). Let u(r) = r + 16. What is the tens digit of u(q)?
2
Suppose -7*r + r + 894 = 0. What is the hundreds digit of r?
1
Suppose 3*b - 369 = -0*b. What is the units digit of b?
3
Let i be (-290)/6 - 1/(-3). Let x be i/(-21) - 4/14. Suppose 2*j + 1 - 5 = x*y, y - 2*j = -6. What is the units digit of y?
2
Let n(j) = 27*j**2 - 2*j - 2. What is the units digit of n(2)?
2
Let d = -2 - -17. Let g be 3/d - 2/10. Suppose 2*a - 8 - 4 = g. What is the units digit of a?
6
Suppose -6*p = -8*p + 2. What is the units digit of p?
1
Let y(q) = -q - 4*q - 1 + 4*q + q**2 + 3*q. Let o be y(-3). Suppose -4*i - 3*w + 55 = 0, -2*w + 0*w - 24 = -o*i. What is the t